j**3/3 + 3*j**2/2 + 2*j - 13. Determine y(-2).
0
Let f(m) = -4*m + 5*m**2 + 2 - 3*m**2 - 6*m**2 + 7*m**2. Calculate f(2).
6
Let g(t) be the first derivative of t**2/2 - 2*t - 38. Give g(6).
4
Let j(y) = y**3 - 5*y**2 + y - 2. Let s = 8 - 6. Suppose 3*t + 2*t = 3*a - 20, -4*a + s*t = -22. Give j(a).
3
Suppose 2*g + 1 = -5*q, 5*g - 4*q + 25 = 72. Let l(a) = a - 10. What is l(g)?
-3
Let r(f) = 2*f**3 + f**2 - f + 2. Let s(j) = j**3 - j - 2. Let p be s(0). Let b = -16 + 19. Let c be (-1)/(b/p - -2). What is r(c)?
-8
Let m(v) = v**3 - v + 1. Let q be m(0). Let l be 15/(-3) + -2 + q. Let r(g) = -g - 2. Calculate r(l).
4
Let r(n) = -n**3 + 6*n**2 - 4*n + 2. Let p be 4/2 + 3/3. Suppose 4*i - 4 = p*i. Suppose 3*q - 35 = -0*l + i*l, 0 = -3*q + 5*l + 40. Give r(q).
7
Let u(b) be the first derivative of -1/120*b**5 + 0*b**2 - 1/3*b**3 + 1/40*b**6 + 1/24*b**4 + 0*b - 3. Let j(g) be the third derivative of u(g). Determine j(1).
9
Let i(a) = a**2 - 4*a + 2. Let c be i(4). Suppose -c*n = n - 3. Let p be -2 + 1 - (n + 0). Let s(x) = -3*x - 3. Give s(p).
3
Let d(h) = 2*h - 3. Let v(u) = 5*u - 6. Let g(x) = -9*d(x) + 4*v(x). Suppose 0 = -3*k - 0*k + 12. Suppose -k*i = 0, 0 = -5*l - 4*i - 9 - 11. What is g(l)?
-5
Let c(p) be the third derivative of -p**4/4 - p**3/6 - 6*p**2. Determine c(1).
-7
Let p(b) = 4*b - 9. Let i(a) = -11*a + 27. Suppose -5*c - f - 35 = -1, 3*c - 2*f = -10. Let g(o) = c*i(o) - 17*p(o). Determine g(-7).
5
Let f(s) = 2*s + 2. Let k = -58 + 93. Let b be 6/4 + k/10. Suppose 5*t + 8 = 4*r - 23, -b*t - r - 11 = 0. Determine f(t).
-4
Let d(j) = -j + 2. Let p be d(8). Let r(q) = -q**2 - 7*q + 1. What is r(p)?
7
Let k(o) = -15*o**3 - 12*o**2 - 23*o + 13. Let z be (-9*(-6)/9)/(-1). Let p(j) = -7*j**3 - 6*j**2 - 11*j + 6. Let d(n) = z*k(n) + 13*p(n). Calculate d(-5).
0
Let o(n) = 4*n**3 + n**2 - n - 5. Let h(x) = 3*x**3 - 5. Let w(m) = 5*h(m) - 4*o(m). What is w(-5)?
0
Let b(q) be the second derivative of 0*q**3 + 7/2*q**2 - q + 1/20*q**5 - 1/12*q**4 + 0. Let s = 10 - 10. What is b(s)?
7
Let r be (4/12)/((-5)/75). Let l(o) = o**2 + 3*o - 7. What is l(r)?
3
Let q(c) = c**2 - 3*c - 7. Let g be q(5). Let n(h) = h**2 - 5*h + 3. Let t be n(g). Let o(v) = -v**2 - 3*v - 3. What is o(t)?
-3
Let x(r) = r + 12. Let s(q) = 0*q - 2 - q - 9. Let j(v) = 5*s(v) + 4*x(v). Suppose 5*d = 2*y + 15, 0 = -y + 4*y - 2*d + 6. Determine j(y).
-7
Let o(x) = -x**2 + 7*x. Suppose -2*v + 7 = -3. Suppose 20 = -i + v*i. Calculate o(i).
10
Let s(r) = -4*r - 14 + 2*r - 2*r + 3*r. Let a be s(-7). Let h(z) = z**3 + 7*z**2 + 4. What is h(a)?
4
Suppose u + 4*u = 0. Let y(t) = 5*t**2 + t. Let a(x) = -11*x**2 - 2*x - 1. Let l(b) = -4*a(b) - 9*y(b). Calculate l(u).
4
Let i(f) = -107*f - 108*f + 216*f. Give i(-8).
-8
Let g be (0 - 1) + 9/3. Let i be 46/14 + 4/(-14). Let a(o) = 0*o**3 + 2*o + o**i - 3*o**g - o. What is a(3)?
3
Let r be -3 - -1*21/3. Let b = 5 - r. Let f(h) be the third derivative of 3*h**5/20 - h**4/12 + h**3/6 - 3*h**2. Give f(b).
8
Let g(j) = -j + 1. Let w(k) = -k**2 + 4*k - 3. Let s(c) = -3*g(c) + w(c). Calculate s(7).
-6
Suppose -3*j = -6*j + 15. Let g = -1 + j. Let x(c) = c**2 + g*c + 3*c - c. What is x(-5)?
-5
Let g = -5 - -5. Let x(t) = g*t + 1 + 0*t + 0 + t + 6*t**2. Determine x(-1).
6
Let s(p) = -4 - 1 - 1 + p**2 - 2*p**2. What is s(0)?
-6
Let k(f) = -5*f + 5. Let v(t) = 5*t - 6. Let n(a) = 4*k(a) + 3*v(a). What is n(2)?
-8
Let m(p) be the first derivative of p**4/2 + 4*p**3/3 + p**2 - p + 25. Suppose -4*s = 6 - 2. Let b = s + -1. Calculate m(b).
-5
Suppose 5 + 7 = 3*z. Suppose l - 4*l = -6. Let i(j) = -4*j**l - z*j**3 - 5 + 3*j**3 - 5*j + 4*j. What is i(-4)?
-1
Let o(z) = -7*z**3 + 3*z**2 - 2*z - 9. Let n(m) = -m**3 - m - 1. Let f(b) = 6*n(b) - o(b). Give f(4).
3
Let n(z) = -11*z**3 - 29. Let i(d) = 7*d**3 + 19. Let y(u) = 8*i(u) + 5*n(u). What is y(0)?
7
Let y(i) = i**2 + 5*i - 7. Let z be y(-6). Let j(b) = -9*b**3 + 9*b**2 - 2*b. Let h(d) = -4*d**3 + 5*d**2 - d. Let s(l) = -11*h(l) + 6*j(l). Determine s(z).
10
Let q be 0/3 + -1 + 0. Let r(h) be the first derivative of -5/2*h**2 + 2 + h. Calculate r(q).
6
Let s(o) be the third derivative of o**5/60 - 5*o**4/24 - o**3 + o**2. Suppose -3*j - 5*a + 18 = 0, -5*j + 30 = -0*j + a. What is s(j)?
0
Let t(z) = -z**3 + 7*z**2 - z - 3. Suppose -4*g + 9*g = 0. Suppose -j + 5*j - 28 = g. Calculate t(j).
-10
Let p(w) = w**3 - 2*w**2 + w - 2. Suppose 23 = 4*v + v - 2*k, -4*v - k = -21. Suppose -3*t = -1 - v. Suppose 4 = -t*m + 4*m - h, -h - 10 = -5*m. Give p(m).
0
Let x = -1 + 0. Let c(y) be the second derivative of -y**4 + y**3/6 + y**2/2 + 5*y. Give c(x).
-12
Let d = -8 + 12. Let w(c) = c - c**2 - 3*c**2 + d*c**3 + 5*c**2. Let u be (-2)/(-2)*(1 + -2). Determine w(u).
-4
Let d(u) = -6*u + 2*u - 2 + 2*u + u. Give d(-3).
1
Suppose 2*p - 10 = -u - 2, 22 = 5*u + p. Let k(i) = -i - 5. Let f be k(-7). Let o(j) = -1 + 0*j - j**2 + 4*j**f + 5*j - j**3. Calculate o(u).
3
Let i(y) = 2 + 8*y - y**3 - 1 - 5 + 3*y**2. Determine i(5).
-14
Suppose -x = -0*x - 5*c - 10, 27 = 5*x - 2*c. Let l(s) = s**2 - 3*s + 6. Give l(x).
16
Let y be (1 - 0)*(-2 - -1) - 2. Let a(p) = -p - 3. What is a(y)?
0
Let f(u) = -2*u - 1. Let j(i) = -2*i. Let n(h) = -2*f(h) + 3*j(h). Give n(4).
-6
Let w(s) = -s**3 + s**2 - 1. Let x(a) = 7*a**3 - 6*a**2 + 8. Let d(i) = -6*w(i) - x(i). Let h = -1249 + 1247. Calculate d(h).
6
Suppose 3*w - 7 = -2*z, -2*z + 2*w - 6*w = -8. Suppose g + z*d + 1 = -0, -d + 4 = 2*g. Let u(o) = 11 - 2 - 8 + o. Determine u(g).
4
Let s(t) = t**2 + 6*t + 6. Suppose 0 = 5*i + 41 - 21. Give s(i).
-2
Let h(v) be the third derivative of -v**4/12 - 3*v**2. Let f = -4 + 4. Suppose m + 1 + 1 = f. Determine h(m).
4
Let p(x) = -x**3 + 5*x**2 - 5*x + 3. Let g(i) = -8*i - 52. Let k be g(-7). Determine p(k).
-1
Let y(z) = -5 - z + z + 2*z. Suppose -3*c + 15 = 3. What is y(c)?
3
Let k(m) = 11*m**2 + 2*m. Let l(n) = -n - 4. Let o be l(4). Let p(b) = -17*b**2 - 3*b. Let h(w) = o*k(w) - 5*p(w). Calculate h(2).
-14
Let x(h) = -h**3 + 4*h + 3. Let i(n) = -n**2 + 5*n + 1. Let z be i(4). Suppose -p + 5*p + 4 = 3*u, -4*p = 4*u - 24. Suppose z = -u*d - 3. Give x(d).
3
Let g = 57 - 52. Let c(z) be the second derivative of 0 - 1/6*z**3 + 1/3*z**4 - 2*z - 3/2*z**2 - 1/20*z**g. Give c(3).
3
Let k(y) = y + 1. Let l(t) = 5*t + 7. Suppose -4*v - v + 10 = 5*o, -5*o - 2*v = -1. Let g(p) = o*l(p) + 4*k(p). Calculate g(-2).
-1
Let u(w) = w + 1. Suppose 3*q - 8 = 37. Let h be (q/(-6))/((-2)/4). Suppose h*o - 7 = -2. What is u(o)?
2
Let s(b) = -b**3 - 7*b**2 - 4*b + 6. Let c(l) = l - 2. Let p be (16/40)/((-1)/10). Let g be c(p). Determine s(g).
-6
Let r(g) be the first derivative of g**2/2 - g + 1. Suppose 1 = -3*b + 7. Suppose b*z + 1 = -2*d - 5, z = d + 7. Give r(d).
-6
Let m(z) = 5 - z - 6*z + 5*z**2 - 4*z**2. What is m(4)?
-7
Let n(l) = l - 2*l**2 + 0*l**2 + 3*l**2 - 1. Let w be (-2)/1*1 - -1. Let c(k) = 3*k + 2. Let u(z) = w*n(z) + c(z). Determine u(3).
0
Let d(i) be the third derivative of -i**4/12 + i**3 + 8*i**2. Give d(6).
-6
Let m be (4/6)/((-4)/(-6)). Let l(b) = -7*b**3 + b. Calculate l(m).
-6
Suppose 0 = -5*q - 5*i + 15, -3*q + q - i + 1 = 0. Let t(b) = -b - 2. Determine t(q).
0
Let x(n) = 2 - 5*n - 9 + n**2 - 2*n**2. Let k = 7 - 12. Give x(k).
-7
Let h(p) be the first derivative of 3/2*p**2 + 6*p + 1 - 1/3*p**3. What is h(5)?
-4
Let v(o) = 1 + 4*o**2 + o**2 + 2*o - o**2 - 2*o**2. Let t be 2/(-6) - 1/(-3). Let q be t + (-1 - 0/1). Determine v(q).
1
Let g(s) be the first derivative of -s**4/4 + s**3/3 + s**2/2 + s - 3. Give g(-1).
2
Let b be 6/(4/(-2))*1. Let f(w) = w**2 - 4. Let k be f(b). Let l = k + -7. Let d(n) = -2*n**2 - n - 2. What is d(l)?
-8
Let q(i) = -5*i**3 + i. Suppose -2*x = x. Suppose 4*m = -p + 8*m + 26, x = -m - 2. Let y be 3*3/p*-2. Give q(y).
4
Suppose 0 = 3*p + 3*o + 1 - 4, -p - 4*o = 5. Let l(d) = d**3 - 4*d**2 + 3*d. Determine l(p).
0
Let j = 2 - 4. Let h(y) = -y. Let i be h(j). Let w(n) = -1 + 2 - i - 9*n. What is w(-1)?
8
Suppose -s - 6 = -2*s. Let o = s + -4. Let g(q) = -2*q + 0*q + q**2 - o - 2. Determine g(4).
4
Let v(i) = -5 - 14*i + 4*i + 5*i + 8*i. Determine v(3).
4
Let d(s) = s**3 + s**2 + 2*s + 1. Suppose 4*j = 5*j + 2. Determine d(j).
-7
Let k(z) = 8*z**2 - z + 1. Suppose 21*y = 22*y - 2. Let h be 15/9 + y/(-3). What is k(h)?
8
Let w(